{"id":7932,"date":"2022-09-21T16:42:41","date_gmt":"2022-09-21T14:42:41","guid":{"rendered":"https:\/\/vidimiramare.cmsone.info\/gourmet\/ristorante-bistrot\/"},"modified":"2024-07-26T17:01:42","modified_gmt":"2024-07-26T15:01:42","slug":"la-terrazza-etterem","status":"publish","type":"gourmet","link":"https:\/\/www.vidimiramare.com\/hu\/etterem\/la-terrazza-etterem\/","title":{"rendered":"La Terrazza \u00c9tterem"},"content":{"rendered":"\n<p class=\"wp-block-paragraph\">A tengerre ny\u00edl\u00f3 p\u00e1ratlan kil\u00e1t\u00e1snak k\u00f6sz\u00f6nhet\u0151en Teraszunk abszol\u00fat felejthetetlen \u00e9lm\u00e9nyt ny\u00fajt \u00d6nnek. V\u00e1rjuk \u00d6nt hogy nyugodt k\u00f6r\u00fclm\u00e9nyek k\u00f6z\u00f6tt, a medence partj\u00e1n fogyassza el eb\u00e9dj\u00e9t, p\u00e1r l\u00e9p\u00e9sre a tengerpartt\u00f3l. Vagy egy romantikus vacsora a tengerparton, mik\u00f6zben a k\u00f6nny\u0171 ny\u00e1ri szell\u0151 simogat\u00e1s\u00e1t \u00e9rzi a b\u0151r\u00e9n, v\u00e1logatott szem\u00e9lyzet fogadja, mely k\u00e9szs\u00e9gesen rendelkez\u00e9s\u00e9re \u00e1ll, hogy kit\u0171n\u0151 kokt\u00e9lokat aj\u00e1nljon \u00d6nnek.<\/p>\n\n\n\n<p class=\"wp-block-paragraph\">Szeretn\u00e9nk t\u00e1j\u00e9koztatni \u00f6n\u00f6ket, hogy a f\u00e9l- vagy teljes panzi\u00f3s opci\u00f3t v\u00e1laszt\u00f3 vend\u00e9geink hozz\u00e1f\u00e9rnek egy kiz\u00e1r\u00f3lag sz\u00e1mukra fenntartott exkluz\u00edv ter\u00fclethez. Ez a privil\u00e9giummal rendelkez\u0151 hely, melyet a nagyobb priv\u00e1tss\u00e1g \u00e9s a m\u00e9g szem\u00e9lyre szabottabb szolg\u00e1ltat\u00e1sok biztos\u00edt\u00e1sa \u00e9rdek\u00e9ben hoztunk l\u00e9tre, tov\u00e1bbi el\u0151nyt jelent, ami m\u00e9g k\u00fcl\u00f6nlegesebb\u00e9 \u00e9s egyedibb\u00e9 teszi az \u00e9lm\u00e9nyt a Vidi Miramare &amp; Delfino \u00e9tterm\u00fcnkben. \u00c9lvezz\u00e9k az \u00e9tkez\u00e9st egy exkluz\u00edv k\u00f6rnyezetben, ahol minden r\u00e9szletet a legnagyobb k\u00e9nyelem \u00e9s elegancia \u00e9rdek\u00e9ben terveztek.<\/p>\n","protected":false},"excerpt":{"rendered":"<p>A megfelel\u0151 helysz\u00edn egy gourmet men\u00fc elfogyaszt\u00e1s\u00e1ra<\/p>\n","protected":false},"featured_media":9634,"menu_order":12,"template":"","class_list":["post-7932","gourmet","type-gourmet","status-publish","has-post-thumbnail","hentry"],"acf":[],"yoast_head":"<!-- This site is optimized with the Yoast SEO plugin v27.8 - https:\/\/yoast.com\/product\/yoast-seo-wordpress\/ -->\n<title>La Terrazza \u00c9tterem - Hotel Vidi Miramare<\/title>\n<meta name=\"robots\" content=\"index, follow, max-snippet:-1, max-image-preview:large, max-video-preview:-1\" \/>\n<link rel=\"canonical\" href=\"https:\/\/www.vidimiramare.com\/hu\/etterem\/la-terrazza-etterem\/\" \/>\n<meta property=\"og:locale\" content=\"hu_HU\" \/>\n<meta property=\"og:type\" content=\"article\" \/>\n<meta property=\"og:title\" content=\"La Terrazza \u00c9tterem - Hotel Vidi Miramare\" \/>\n<meta property=\"og:description\" content=\"A megfelel\u0151 helysz\u00edn egy gourmet men\u00fc elfogyaszt\u00e1s\u00e1ra\" \/>\n<meta property=\"og:url\" content=\"https:\/\/www.vidimiramare.com\/hu\/etterem\/la-terrazza-etterem\/\" \/>\n<meta property=\"og:site_name\" content=\"Hotel Vidi Miramare\" \/>\n<meta property=\"article:publisher\" content=\"https:\/\/www.facebook.com\/vidimiramare\/\" \/>\n<meta property=\"article:modified_time\" content=\"2024-07-26T15:01:42+00:00\" \/>\n<meta property=\"og:image\" content=\"https:\/\/www.vidimiramare.com\/wp-content\/uploads\/2023\/06\/P9250016.jpg\" \/>\n\t<meta property=\"og:image:width\" content=\"1200\" \/>\n\t<meta property=\"og:image:height\" content=\"841\" \/>\n\t<meta property=\"og:image:type\" content=\"image\/jpeg\" \/>\n<meta name=\"twitter:card\" content=\"summary_large_image\" \/>\n<meta name=\"twitter:label1\" content=\"Becs\u00fclt olvas\u00e1si id\u0151\" \/>\n\t<meta name=\"twitter:data1\" content=\"1 perc\" \/>\n<!-- \/ Yoast SEO plugin. -->","yoast_head_json":{"title":"La Terrazza \u00c9tterem - Hotel Vidi Miramare","robots":{"index":"index","follow":"follow","max-snippet":"max-snippet:-1","max-image-preview":"max-image-preview:large","max-video-preview":"max-video-preview:-1"},"canonical":"https:\/\/www.vidimiramare.com\/hu\/etterem\/la-terrazza-etterem\/","og_locale":"hu_HU","og_type":"article","og_title":"La Terrazza \u00c9tterem - Hotel Vidi Miramare","og_description":"A megfelel\u0151 helysz\u00edn egy gourmet men\u00fc elfogyaszt\u00e1s\u00e1ra","og_url":"https:\/\/www.vidimiramare.com\/hu\/etterem\/la-terrazza-etterem\/","og_site_name":"Hotel Vidi Miramare","article_publisher":"https:\/\/www.facebook.com\/vidimiramare\/","article_modified_time":"2024-07-26T15:01:42+00:00","og_image":[{"width":1200,"height":841,"url":"https:\/\/www.vidimiramare.com\/wp-content\/uploads\/2023\/06\/P9250016.jpg","type":"image\/jpeg"}],"twitter_card":"summary_large_image","twitter_misc":{"Becs\u00fclt olvas\u00e1si id\u0151":"1 perc"},"schema":{"@context":"https:\/\/schema.org","@graph":[{"@type":"WebPage","@id":"https:\/\/www.vidimiramare.com\/hu\/etterem\/la-terrazza-etterem\/","url":"https:\/\/www.vidimiramare.com\/hu\/etterem\/la-terrazza-etterem\/","name":"La Terrazza \u00c9tterem - Hotel Vidi Miramare","isPartOf":{"@id":"https:\/\/www.vidimiramare.com\/hu\/#website"},"primaryImageOfPage":{"@id":"https:\/\/www.vidimiramare.com\/hu\/etterem\/la-terrazza-etterem\/#primaryimage"},"image":{"@id":"https:\/\/www.vidimiramare.com\/hu\/etterem\/la-terrazza-etterem\/#primaryimage"},"thumbnailUrl":"https:\/\/www.vidimiramare.com\/wp-content\/uploads\/2023\/06\/P9250016.jpg","datePublished":"2022-09-21T14:42:41+00:00","dateModified":"2024-07-26T15:01:42+00:00","breadcrumb":{"@id":"https:\/\/www.vidimiramare.com\/hu\/etterem\/la-terrazza-etterem\/#breadcrumb"},"inLanguage":"hu","potentialAction":[{"@type":"ReadAction","target":["https:\/\/www.vidimiramare.com\/hu\/etterem\/la-terrazza-etterem\/"]}]},{"@type":"ImageObject","inLanguage":"hu","@id":"https:\/\/www.vidimiramare.com\/hu\/etterem\/la-terrazza-etterem\/#primaryimage","url":"https:\/\/www.vidimiramare.com\/wp-content\/uploads\/2023\/06\/P9250016.jpg","contentUrl":"https:\/\/www.vidimiramare.com\/wp-content\/uploads\/2023\/06\/P9250016.jpg","width":1200,"height":841},{"@type":"BreadcrumbList","@id":"https:\/\/www.vidimiramare.com\/hu\/etterem\/la-terrazza-etterem\/#breadcrumb","itemListElement":[{"@type":"ListItem","position":1,"name":"Home","item":"https:\/\/www.vidimiramare.com\/hu\/"},{"@type":"ListItem","position":2,"name":"Gourmet","item":"https:\/\/www.vidimiramare.com\/hu\/etterem\/"},{"@type":"ListItem","position":3,"name":"La Terrazza \u00c9tterem"}]},{"@type":"WebSite","@id":"https:\/\/www.vidimiramare.com\/hu\/#website","url":"https:\/\/www.vidimiramare.com\/hu\/","name":"Hotel Vidi Miramare & Delfino","description":"Un nuovo sito targato WordPress","publisher":{"@id":"https:\/\/www.vidimiramare.com\/hu\/#organization"},"potentialAction":[{"@type":"SearchAction","target":{"@type":"EntryPoint","urlTemplate":"https:\/\/www.vidimiramare.com\/hu\/?s={search_term_string}"},"query-input":{"@type":"PropertyValueSpecification","valueRequired":true,"valueName":"search_term_string"}}],"inLanguage":"hu"},{"@type":"Organization","@id":"https:\/\/www.vidimiramare.com\/hu\/#organization","name":"Hotel Vidi Miramare & Delfino","url":"https:\/\/www.vidimiramare.com\/hu\/","logo":{"@type":"ImageObject","inLanguage":"hu","@id":"https:\/\/www.vidimiramare.com\/hu\/#\/schema\/logo\/image\/","url":"https:\/\/www.vidimiramare.com\/wp-content\/uploads\/2022\/09\/Hotel-VM.svg","contentUrl":"https:\/\/www.vidimiramare.com\/wp-content\/uploads\/2022\/09\/Hotel-VM.svg","width":60,"height":70,"caption":"Hotel Vidi Miramare & Delfino"},"image":{"@id":"https:\/\/www.vidimiramare.com\/hu\/#\/schema\/logo\/image\/"},"sameAs":["https:\/\/www.facebook.com\/vidimiramare\/","https:\/\/www.instagram.com\/vidimiramare_delfino_jesolo\/"]}]}},"_links":{"self":[{"href":"https:\/\/www.vidimiramare.com\/hu\/wp-json\/wp\/v2\/gourmet\/7932","targetHints":{"allow":["GET"]}}],"collection":[{"href":"https:\/\/www.vidimiramare.com\/hu\/wp-json\/wp\/v2\/gourmet"}],"about":[{"href":"https:\/\/www.vidimiramare.com\/hu\/wp-json\/wp\/v2\/types\/gourmet"}],"wp:featuredmedia":[{"embeddable":true,"href":"https:\/\/www.vidimiramare.com\/hu\/wp-json\/wp\/v2\/media\/9634"}],"wp:attachment":[{"href":"https:\/\/www.vidimiramare.com\/hu\/wp-json\/wp\/v2\/media?parent=7932"}],"curies":[{"name":"wp","href":"https:\/\/api.w.org\/{rel}","templated":true}]}}

La Terrazza Étterem

<p class="wp-block-paragraph">A tengerre nyíló páratlan kilátásnak köszönhetően Teraszunk abszolút felejthetetlen élményt nyújt Önnek. Várjuk Önt hogy nyugodt körülmények között, a medence partján fogyassza el ebédjét, pár lépésre a tengerparttól. Vagy egy romantikus vacsora a tengerparton, miközben a könnyű nyári szellő simogatását érzi a bőrén, válogatott személyzet fogadja, mely készségesen rendelkezésére áll, hogy kitűnő koktélokat ajánljon Önnek.</p>



<p class="wp-block-paragraph">Szeretnénk tájékoztatni önöket, hogy a fél- vagy teljes panziós opciót választó vendégeink hozzáférnek egy kizárólag számukra fenntartott exkluzív területhez. Ez a privilégiummal rendelkező hely, melyet a nagyobb privátsság és a még személyre szabottabb szolgáltatások biztosítása érdekében hoztunk létre, további előnyt jelent, ami még különlegesebbé és egyedibbé teszi az élményt a Vidi Miramare &amp; Delfino éttermünkben. Élvezzék az étkezést egy exkluzív környezetben, ahol minden részletet a legnagyobb kényelem és elegancia érdekében terveztek.</p>

<p>A megfelelő helyszín egy gourmet menü elfogyasztására</p>

<!-- This site is optimized with the Yoast SEO plugin v27.8 - https://yoast.com/product/yoast-seo-wordpress/ -->
<title>La Terrazza Étterem - Hotel Vidi Miramare</title>
<meta name="robots" content="index, follow, max-snippet:-1, max-image-preview:large, max-video-preview:-1" />
<link rel="canonical" href="https://www.vidimiramare.com/hu/etterem/la-terrazza-etterem/" />
<meta property="og:locale" content="hu_HU" />
<meta property="og:type" content="article" />
<meta property="og:title" content="La Terrazza Étterem - Hotel Vidi Miramare" />
<meta property="og:description" content="A megfelelő helyszín egy gourmet menü elfogyasztására" />
<meta property="og:url" content="https://www.vidimiramare.com/hu/etterem/la-terrazza-etterem/" />
<meta property="og:site_name" content="Hotel Vidi Miramare" />
<meta property="article:publisher" content="https://www.facebook.com/vidimiramare/" />
<meta property="article:modified_time" content="2024-07-26T15:01:42+00:00" />
<meta property="og:image" content="https://www.vidimiramare.com/wp-content/uploads/2023/06/P9250016.jpg" />
	<meta property="og:image:width" content="1200" />
	<meta property="og:image:height" content="841" />
	<meta property="og:image:type" content="image/jpeg" />
<meta name="twitter:card" content="summary_large_image" />
<meta name="twitter:label1" content="Becsült olvasási idő" />
	<meta name="twitter:data1" content="1 perc" />
<!-- / Yoast SEO plugin. -->

La Terrazza Étterem - Hotel Vidi Miramare

A megfelelő helyszín egy gourmet menü elfogyasztására
